{"id":24,"date":"2020-07-06T13:58:30","date_gmt":"2020-07-06T13:58:30","guid":{"rendered":"http:\/\/www.lasipallo.com\/vallatjavaet\/?page_id=24"},"modified":"2022-10-11T19:25:44","modified_gmt":"2022-10-11T19:25:44","slug":"maailma","status":"publish","type":"page","link":"http:\/\/www.lasipallo.com\/vallatjavaet\/maailma\/","title":{"rendered":"Maailma"},"content":{"rendered":"\n<p>Vallat ja v\u00e4et -liveroolipelikampanjan maailma vastaa meid\u00e4n maailmaamme, ja n\u00e4ytt\u00e4ytyy valtaosalle pelimaailman ihmisist\u00e4 samoin kuin meille. Vaihdokkaita koskevat samat ajankohtaiset asiat ja yhteiskunnalliset s\u00e4\u00e4nn\u00f6t ja normit kuin niit\u00e4 ihmisi\u00e4, joiden keskuudessa he el\u00e4v\u00e4t &#8211; ja lis\u00e4ksi vaihdokkaiden oman yhteis\u00f6n s\u00e4\u00e4nn\u00f6t.<\/p>\n\n\n\n<p>Omasta maailmastamme pelin maailma poikkeaa siin\u00e4, ett\u00e4 v\u00e4ki\u00e4 ja valtaa on olemassa, haltijoita ja heid\u00e4n voimiaan. Vaihdokkailla on kuitenkin tiukat s\u00e4\u00e4nn\u00f6t siit\u00e4, ettei heid\u00e4n olemassaoloaan saa paljastaa ihmisille. Valtaosa ihmisist\u00e4 ei tied\u00e4 heid\u00e4n olemassaolostaan eik\u00e4 usko haltijoihin tai taikavoimiin, saati vaihdokkaisiin.<\/p>\n\n\n\n<p>N\u00e4ilt\u00e4 sivuilta l\u00f6yd\u00e4t tietoa vaihdokkaiden historiasta, yhteiskunnasta ja uskomuksista.<\/p>\n\n\n\n<ul><li><a href=\"http:\/\/www.lasipallo.com\/vallatjavaet\/historia\/\">Historia<\/a><\/li><li><a href=\"http:\/\/www.lasipallo.com\/vallatjavaet\/vaet\/\">V\u00e4et<\/a><\/li><li><a href=\"http:\/\/www.lasipallo.com\/vallatjavaet\/yhteiskunta\/\">Yhteiskunta<\/a><\/li><li><a href=\"http:\/\/www.lasipallo.com\/vallatjavaet\/peijaiset\/\" data-type=\"page\" data-id=\"273\">Peijaiset<\/a><\/li><li><a href=\"http:\/\/www.lasipallo.com\/vallatjavaet\/valta\/\">Valta<\/a><\/li><li><a href=\"http:\/\/www.lasipallo.com\/vallatjavaet\/maailma\/hahmot\/\" data-type=\"page\" data-id=\"253\">Hahmot ja l\u00e4hiryhm\u00e4t<\/a><\/li><li><a href=\"http:\/\/www.lasipallo.com\/vallatjavaet\/maailma\/sanastoa\/\" data-type=\"page\" data-id=\"270\">Sanastoa<\/a><\/li><\/ul>\n\n\n\n<p><\/p>\n","protected":false},"excerpt":{"rendered":"<p>Vallat ja v\u00e4et -liveroolipelikampanjan maailma vastaa meid\u00e4n maailmaamme, ja n\u00e4ytt\u00e4ytyy valtaosalle pelimaailman ihmisist\u00e4 samoin kuin meille. Vaihdokkaita koskevat samat ajankohtaiset asiat ja yhteiskunnalliset s\u00e4\u00e4nn\u00f6t ja normit kuin niit\u00e4 ihmisi\u00e4, joiden keskuudessa he el\u00e4v\u00e4t &#8211; ja lis\u00e4ksi vaihdokkaiden oman yhteis\u00f6n s\u00e4\u00e4nn\u00f6t. Omasta maailmastamme pelin maailma poikkeaa siin\u00e4, ett\u00e4 v\u00e4ki\u00e4 ja valtaa on olemassa, haltijoita ja heid\u00e4n<\/p>\n<p><a href=\"http:\/\/www.lasipallo.com\/vallatjavaet\/maailma\/\" class=\"more-link themebutton\">Read More<\/a><\/p>\n","protected":false},"author":1,"featured_media":0,"parent":0,"menu_order":0,"comment_status":"closed","ping_status":"closed","template":"","meta":{"_themeisle_gutenberg_block_has_review":false,"footnotes":""},"_links":{"self":[{"href":"http:\/\/www.lasipallo.com\/vallatjavaet\/wp-json\/wp\/v2\/pages\/24"}],"collection":[{"href":"http:\/\/www.lasipallo.com\/vallatjavaet\/wp-json\/wp\/v2\/pages"}],"about":[{"href":"http:\/\/www.lasipallo.com\/vallatjavaet\/wp-json\/wp\/v2\/types\/page"}],"author":[{"embeddable":true,"href":"http:\/\/www.lasipallo.com\/vallatjavaet\/wp-json\/wp\/v2\/users\/1"}],"replies":[{"embeddable":true,"href":"http:\/\/www.lasipallo.com\/vallatjavaet\/wp-json\/wp\/v2\/comments?post=24"}],"version-history":[{"count":3,"href":"http:\/\/www.lasipallo.com\/vallatjavaet\/wp-json\/wp\/v2\/pages\/24\/revisions"}],"predecessor-version":[{"id":311,"href":"http:\/\/www.lasipallo.com\/vallatjavaet\/wp-json\/wp\/v2\/pages\/24\/revisions\/311"}],"wp:attachment":[{"href":"http:\/\/www.lasipallo.com\/vallatjavaet\/wp-json\/wp\/v2\/media?parent=24"}],"curies":[{"name":"wp","href":"https:\/\/api.w.org\/{rel}","templated":true}]}}